 when 396 is divided by 119?
39
What is the remainder when 431 is divided by 9?
8
Calculate the remainder when 860 is divided by 173.
168
What is the remainder when 87 is divided by 79?
8
What is the remainder when 11985 is divided by 30?
15
What is the remainder when 17 is divided by 9?
8
Calculate the remainder when 7808 is divided by 55.
53
Calculate the remainder when 2376 is divided by 28.
24
Calculate the remainder when 108 is divided by 10.
8
Calculate the remainder when 437 is divided by 116.
89
Calculate the remainder when 764 is divided by 84.
8
What is the remainder when 320 is divided by 104?
8
Calculate the remainder when 902 is divided by 53.
1
What is the remainder when 78 is divided by 17?
10
Calculate the remainder when 1033 is divided by 158.
85
Calculate the remainder when 16 is divided by 9.
7
What is the remainder when 24 is divided by 22?
2
What is the remainder when 1857 is divided by 232?
1
What is the remainder when 217 is divided by 71?
4
What is the remainder when 433 is divided by 49?
41
What is the remainder when 1896 is divided by 470?
16
Calculate the remainder when 4701 is divided by 96.
93
Calculate the remainder when 218 is divided by 78.
62
Calculate the remainder when 115 is divided by 6.
1
What is the remainder when 131 is divided by 7?
5
Calculate the remainder when 163 is divided by 85.
78
What is the remainder when 293 is divided by 33?
29
Calculate the remainder when 3561 is divided by 26.
25
What is the remainder when 736 is divided by 125?
111
What is the remainder when 27 is divided by 15?
12
What is the remainder when 456 is divided by 101?
52
What is the remainder when 261 is divided by 24?
21
What is the remainder when 583 is divided by 65?
63
What is the remainder when 335 is divided by 85?
80
Calculate the remainder when 382 is divided by 126.
4
What is the remainder when 26 is divided by 10?
6
What is the remainder when 11548 is divided by 50?
48
What is the remainder when 246 is divided by 160?
86
Calculate the remainder when 148 is divided by 8.
4
Calculate the remainder when 149 is divided by 40.
29
What is the remainder when 16157 is divided by 40?
37
Calculate the remainder when 273 is divided by 27.
3
Calculate the remainder when 507 is divided by 144.
75
Calculate the remainder when 49 is divided by 4.
1
Calculate the remainder when 122 is divided by 105.
17
What is the remainder when 290 is divided by 77?
59
Calculate the remainder when 201 is divided by 19.
11
Calculate the remainder when 132 is divided by 42.
6
What is the remainder when 1078 is divided by 367?
344
What is the remainder when 123 is divided by 31?
30
Calculate the remainder when 174 is divided by 91.
83
Calculate the remainder when 990 is divided by 161.
24
What is the remainder when 116 is divided by 33?
17
Calculate the remainder when 45285 is divided by 111.
108
Calculate the remainder when 521 is divided by 15.
11
Calculate the remainder when 922 is divided by 454.
14
Calculate the remainder when 21995 is divided by 188.
187
What is the remainder when 2351 is divided by 14?
13
Calculate the remainder when 539 is divided by 25.
14
Calculate the remainder when 672 is divided by 26.
22
What is the remainder when 100 is divided by 54?
46
What is the remainder when 506 is divided by 109?
70
Calculate the remainder when 323 is divided by 106.
5
What is the remainder when 307 is divided by 10?
7
Calculate the remainder when 3342 is divided by 1112.
6
Calculate the remainder when 1354 is divided by 15.
4
What is the remainder when 297 is divided by 57?
12
What is the remainder when 1433 is divided by 57?
8
Calculate the remainder when 15 is divided by 11.
4
What is the remainder when 5193 is divided by 248?
233
Calculate the remainder when 1035 is divided by 75.
60
What is the remainder when 668 is divided by 61?
58
Calculate the remainder when 812 is divided by 24.
20
Calculate the remainder when 38 is divided by 20.
18
Calculate the remainder when 438 is divided by 34.
30
Calculate the remainder when 73 is divided by 15.
13
Calculate the remainder when 3469 is divided by 89.
87
What is the remainder when 145 is divided by 43?
16
What is the remainder when 416 is divided by 37?
9
What is the remainder when 3325 is divided by 18?
13
What is the remainder when 154 is divided by 31?
30
Calculate the remainder when 1046 is divided by 22.
12
What is the remainder when 4527 is divided by 151?
148
Calculate the remainder when 3129 is divided by 3100.
29
What is the remainder when 249 is divided by 12?
9
What is the remainder when 25 is divided by 17?
8
What is the remainder when 202 is divided by 144?
58
Calculate the remainder when 223 is divided by 13.
2
What is the remainder when 681 is divided by 335?
11
Calculate the remainder when 4881 is divided by 136.
121
What is the remainder when 15179 is divided by 22?
21
Calculate the remainder when 494 is divided by 35.
4
What is the remainder when 61 is divided by 18?
7
What is the remainder when 4337 is divided by 362?
355
What is the remainder when 6512 is divided by 5?
2
Calculate the remainder when 89 is divided by 18.
17
What is the remainder when 17 is divided by 4?
1
What is the remainder when 456 is divided by 23?
19
What is the remainder when 647 is divided by 59?
57
Calculate the remainder when 251 is divided by 12.
11
What is the remainder when 1048 is divided by 113?
31
What is the remainder when 324 is divided by 65?
64
Calculate the remainder when 39863 is divided by 44.
43
Calculate the remainder when 797 is divided by 163.
145
Calculate the remainder when 219 is divided by 55.
54
Calculate the remainder when 106 is divided by 56.
50
What is the remainder when 179 is divided by 66?
47
What is the remainder when 203 is divided by 35?
28
Calculate the remainder when 3495 is divided by 499.
2
What is the remainder when 63 is divided by 2?
1
What is the remainder when 231 is divided by 14?
7
What is the remainder when 11735 is divided by 129?
125
What is the remainder when 2334 is divided by 18?
12
What is the remainder when 405 is divided by 28?
13
What is the remainder when 95 is divided by 11?
7
Calculate the remainder when 62 is divided by 9.
8
Calculate the remainder when 556 is divided by 33.
28
Calculate the remainder when 82 is divided by 5.
2
What is the remainder when 126 is divided by 80?
46
Calculate the remainder when 2869 is divided by 70.
69
Calculate the remainder when 258 is divided by 7.
6
Calculate the remainder when 3517 is divided by 71.
38
What is the remainder when 914 is divided by 196?
130
Calculate the remainder when 516 is divided by 65.
61
Calculate the remainder when 581 is divided by 56.
21
Calculate the remainder when 2093 is divided by 21.
14
Calculate the remainder when 725 is divided by 62.
43
Calculate the remainder when 180 is divided by 77.
26
What is the remainder when 24 is divided by 14?
10
What is the remainder when 1079 is divided by 54?
53
Calculate the remainder when 46 is divided by 31.
15
Calculate the remainder when 1303 is divided by 5.
3
What is the remainder when 3692 is divided by 88?
84
What is the remainder when 434 is divided by 28?
14
Calculate the remainder when 186 is divided by 32.
26
What is the remainder when 10739 is divided by 82?
79
What is the remainder when 2830 is divided by 257?
3
Calculate the remainder when 14943 is divided by 159.
156
What is the remainder when 1339 is divided by 205?
109
What is the remainder when 4056 is divided by 69?
54
Calculate the remainder when 233 is divided by 32.
9
Calculate the remainder when 96 is divided by 5.
1
Calculate the remainder when 131 is divided by 74.
57
Calculate the remainder when 188 is divided by 62.
2
What is the remainder when 1339 is divided by 164?
27
What is the remainder when 673 is divided by 117?
88
Calculate the remainder when 2073 is divided by 26.
19
Calculate the remainder when 336 is divided by 87.
75
What is the remainder when 108 is divided by 44?
20
Calculate the remainder when 32 is divided by 19.
13
What is the remainder when 135 is divided by 115?
20
What is the remainder when 3281 is divided by 9?
5
Calculate the remainder when 24 is divided by 13.
11
Calculate the remainder when 102 is divided by 21.
18
Calculate the remainder whe